 1) + 10/(-10). Let z(h) = h**3 + h**2 + h + 22. Calculate z(w).
22
Let o(z) = -9*z + 15. Let m(k) = 4 + 8*k - 12 - 3*k. Let n(y) = -11*m(y) - 6*o(y). Let x(w) = -2*w - 3. Let p be x(-4). Give n(p).
-7
Let f(j) = j - 4. Suppose -35 - 7 = g. Let l = -39 - g. Calculate f(l).
-1
Let k(n) be the second derivative of -7*n + 1/6*n**3 + 0 + 3/2*n**2. Calculate k(-5).
-2
Let q(s) = -5*s - 3. Let d(t) = -t**2 - 8*t + 4. Let m be d(-8). Suppose 3*k = -2 - m. Give q(k).
7
Suppose 12 - 4 = 2*s - 3*w, 0 = 3*s - 2*w - 12. Suppose -3*a - 21 = -m, 0*m - 3*m + s*a + 38 = 0. Let n(l) = l**2 - 6*l - 1. Determine n(m).
-1
Let w(u) be the first derivative of 2*u**3 - u**2/2 + u + 1. Let a(i) = i**3 + i**2 - 3*i + 2. Let k = -45 + 46. Let b be a(k). Determine w(b).
6
Let d(w) = w - 1. Let g(m) = 4*m - 6. Let z(k) = 3*d(k) - g(k). Let s be (8/6)/(25/75). Determine z(s).
-1
Let q(u) be the third derivative of -u**6/120 - u**5/6 + 11*u**4/24 - 3*u**3 - 216*u**2. What is q(-11)?
-18
Let j be (-2)/10 - (-48)/(-10). Let l(p) be the third derivative of p**6/120 + p**5/10 + p**4/6 - 7*p**3/6 + 529*p**2. Give l(j).
-2
Suppose -31*z + 50*z = -95. Let d(u) = -8*u + 2. What is d(z)?
42
Let p(v) be the third derivative of -v**6/120 - 7*v**5/60 - v**4/3 - 3*v**3/2 + v**2 + 3. Determine p(-6).
3
Suppose 7 + 17 = -6*t. Let h(d) be the first derivative of d**2/2 + d + 14. Give h(t).
-3
Let a(v) = -76 + 154 - 3*v**3 + 9*v**2 - 4*v + 4*v**3 - 71. Determine a(-9).
43
Let v(g) = -3*g**2 - 7*g - 6. Let a be 1/((-6)/3) - (-27)/(-6). Let y(j) = -2*j**2 - 3*j - 3. Let k(d) = a*y(d) + 3*v(d). What is k(6)?
-3
Suppose 17*p + 6 = 15*p. Let o(f) = -f**2 + f - 4. Determine o(p).
-16
Let k(g) be the third derivative of -g**5/10 - g**4/6 - 2*g**3/3 - 2*g**2 + 1. Determine k(-3).
-46
Let p = 31 + -39. Let t = p - -7. Let h(n) = -n. Calculate h(t).
1
Let c(d) = 3*d**2 - 2*d - 2. Let s be 1*-4*(-8)/(-64)*2. Determine c(s).
3
Let y(l) = l**3 + l**2 - l - 1. Let i be (-3)/6 + (-308)/(-8). Suppose -4*b = -4*r - 16 - 16, 5*r = 3*b - i. Let n = r + 6. What is y(n)?
0
Let w(b) = -5*b - 35. Let o be w(-7). Let d(g) = 2*g**3 - 3*g - 3*g**3 + o*g**3 + 3 - 5*g**2 + 5*g. Give d(-5).
-7
Let q(x) be the first derivative of x**4/4 - 4*x**3/3 + x**2 - 3*x - 624. Let z = 3 - 1. What is q(z)?
-7
Let q(w) = 22*w + 312. Let y be q(-14). Let v(s) = -s**3 + 5*s**2 - 3*s + 5. Give v(y).
9
Let v(f) = -2 + 2 - 2 + f. Let j(x) = 4*x**2 + 7*x + 7. Let s be 7/(-9) + 0 + (-8)/36. Let t be j(s). Give v(t).
2
Let q(j) = j**3 + 10 + 8*j + 13 + 10*j**2 - 49 + 5 + 12. Determine q(-8).
55
Suppose -5*s = 4 - 19. Let l be -5*s/(-3)*1. Let a(b) = 5*b**2 - b**2 - 94 - 7*b - 3*b**2 + 97. What is a(l)?
-7
Let b = 150 - 129. Let y(f) = 50*f - b*f - 1 - 32*f. Determine y(1).
-4
Let r(m) = 7*m**2 + 14*m + 9 + m**2 + 3*m**3 + 10*m - 13*m - 2*m**3. Give r(-7).
-19
Let i(m) = -10*m - 56. Let s be i(-6). Let b(l) = -l**2 + 3*l. Calculate b(s).
-4
Let a(d) be the first derivative of -5*d**2/2 - d - 5. Let c = -11 - -10. Let m be a(c). Let h(j) = j**2 - 3*j - 3. Give h(m).
1
Let k(w) = 3*w**2 - 114*w + 100. Let a be k(37). Let m(g) be the first derivative of -g**2/2 - 9*g - 1. Give m(a).
2
Let y(t) be the third derivative of t**6/120 + t**5/30 - t**4/24 + t**3/6 + 2*t**2 + 27*t. Calculate y(-2).
3
Let c(s) = 3*s - 46. Let v be c(12). Let b(r) = -r**2 - 10*r + 3. Give b(v).
3
Let q(d) = d**3 + 5*d**2 + 3. Let m(j) = j**3 + 6*j**2 + 5*j - 5. Let k(h) = h**2 + h + 4. Let r be k(-3). Let c be (4/(-4))/(2/r). Let v be m(c). Give q(v).
3
Let u(x) be the second derivative of x**3/2 - 19*x**2/2 + 260*x. Calculate u(3).
-10
Let w(m) = -9*m**2 + 2*m + 1. Let l be (-1)/2*4*11/22. What is w(l)?
-10
Let s(y) = 4*y - y**2 - 1 - 1 - 3*y. Suppose -3*j - 15 = 5*u + 10, 10 = j - 2*u. Determine s(j).
-2
Let i(q) be the first derivative of 3*q**2 + q - 278. Let v = 4 - 2. Determine i(v).
13
Suppose -3*t = t + 4. Let p(x) = -1063*x**2 - 3*x + 1065*x**2 + 4*x. What is p(t)?
1
Let i be -6*(1 + (-3)/(-6)). Let c = -15 - i. Let t(h) be the first derivative of h**3/3 + 3*h**2 - 6*h - 267. Give t(c).
-6
Let j be (-5 + 3)/(0 - 2) - -8. Suppose j*t = 15*t - 36. Let k(m) = m + 2. What is k(t)?
8
Let j(k) = -k**2 - 8*k + 13. Let n be j(-9). Let g(b) = 6*b**3 + 7 + 3*b - b**2 - 5*b**3 - n*b**2. Calculate g(5).
22
Let h = 54 - 41. Suppose 0 = 4*d - 31 - h. Let b(u) = -u + 14. Give b(d).
3
Suppose 60*g - 98 = 74*g. Let k(f) = -5*f - 36. Determine k(g).
-1
Let k = 1594 - 1590. Let r(m) = -m**2 + 6*m - 12. What is r(k)?
-4
Let h(y) be the third derivative of y**4/24 - 5*y**3/6 + y**2 + 84. Give h(0).
-5
Suppose d + 85 = 27. Let o = d - -118. Let i(h) = 60 - 9*h**3 - o + h. What is i(1)?
-8
Suppose -5*q - 4*k + 19 = 0, -4*q + 5*k - 27 + 75 = 0. Let z(y) = -y - 10. Determine z(q).
-17
Let b(k) = 8*k**2 - 10*k + 3. Let a(t) = t**2 + t + 1. Let g(y) = -14*a(y) + 2*b(y). What is g(17)?
-8
Let x(m) = m**3 + 3*m**2 + m - 1. Let a(k) = k - 11. Let u be a(14). Let h(b) = -b - 2. Let s be h(-3). Suppose -3*l = 3*j + u, 3 - s = 2*l. Give x(j).
1
Let b(y) = 2*y**2 + y - 5. Let t be ((-2)/4 - -1)/(2/(-20)). Calculate b(t).
40
Let l(y) = -31*y**2 + 2*y - 2. Let m(u) = -465*u**2 + 31*u - 31. Let o(x) = 31*l(x) - 2*m(x). Calculate o(-1).
-31
Suppose 0 = 2*l + 3*c + 2, -4*l - 3*c = -3*l + 4. Suppose l*x - 3 = -2*p - 5, -5*p - 3*x = -1. Let j(q) = 4 - 1 - p - 3 - 4*q. What is j(2)?
-10
Let i(p) = p**2 + 7*p - 24. Let a(j) = 2*j**3 + 7*j**2 + 9*j + 9. Let m be a(-3). Determine i(m).
-6
Let r(m) = -3*m**2 - 1. Let g be 2 + (-1)/3 + (-472)/177. Determine r(g).
-4
Let f(x) = -2*x**2 + x + 1. Let y(u) = 12*u**2 - 7*u - 8. Let z(m) = 5*f(m) + y(m). Calculate z(-2).
9
Let t = 13 + -24. Let j = 14 + t. Suppose -10 = -j*g + 8. Let m(l) = -l + 8. What is m(g)?
2
Let g(f) = 2*f + 3*f + 3*f - 7*f + 3. Suppose 4 = 2*r - 0*r. Suppose 4*u - r*u + 12 = 0. Determine g(u).
-3
Let v(h) = -h - 1. Let d(m) = -m + 1. Let c(a) = -5*d(a) + 4*v(a). What is c(9)?
0
Let q = -4 + 7. Let o(a) = 5*a - a**q - 3*a - 1 - 3*a. Let s be 0*(-7 + (-140)/(-21)). Calculate o(s).
-1
Let h(a) = 2*a + 5. Let k be (-12*(-5)/20)/(-2 - -1). Give h(k).
-1
Let y(u) = -3*u**3 + 11*u**2 - 5*u + 2. Let i(r) = 4 + 9*r + 0*r**3 + 4 - 11 - 21*r**2 + 5*r**3. Let x(w) = -4*i(w) - 7*y(w). Determine x(-7).
5
Let h(p) = p**2 + 5*p - 3. Let n(c) = 4*c**2 + 16*c - 10. Let f(s) = 10*h(s) - 3*n(s). Let v be f(3). Let b be 2/v*-4*-3. Let o(z) = 7*z - 2. Determine o(b).
-16
Let j = -16 + 18. Suppose -4*s = -j*s - 4. Let h(c) = 4*c - 4*c + 10*c**2 - 4*c**s. Determine h(1).
6
Let y(q) be the first derivative of -4*q**2 - 7*q + 25. Let u be y(0). Let b(h) = -h + 1. What is b(u)?
8
Let n(j) = j**3 - 3*j**2 - 4*j + 1. Let w be n(4). Suppose 0*l - 4 = -l. Let x(c) = -3*c + 5*c - 3 - l*c**2 + 2 + 3*c**2. Calculate x(w).
0
Let s(w) be the second derivative of 5/12*w**4 + 1/20*w**5 + 0 - 14*w + 1/6*w**3 - 2*w**2. Give s(-3).
11
Let z = 981 + -991. Let a(m) = m**3 + 9*m**2 - 11*m - 7. Calculate a(z).
3
Let o be -3*(-2)/(-6)*(3 + -2). Let m(p) = 6*p. Give m(o).
-6
Let w be 306/119 - (-1 + 8/14). Let q(o) be the second derivative of 1/12*o**4 + 0 - 5/6*o**w - 7/2*o**2 + 7*o. Give q(5).
-7
Let d(w) be the third derivative of -w**4/6 - 5*w**3/6 + 215*w**2. Determine d(-2).
3
Let l be 1*-25*(-3)/15. Suppose 8*c = 3*c - 55. Let u = c + l. Let g(n) = -n**2 - 6*n - 3. Give g(u).
-3
Let s(j) = 47*j + 16. Let b be s(17). Let f(p) = 814 - b - 2*p + p. Give f(8).
-9
Let u(v) = -2*v**3. Let i be 1/(2 - (0 + 6/4)). Suppose 5*o - 12 = 3*z, 4*z + i*o + 2*o - 16 = 0. Calculate u(z).
-2
Suppose 0*r + 4*r - 20 = 0. Let q be 16/10 + 2/r. Let a be (-1)/(3/36*q). Let h(l) = l**3 + 6*l**2 - l + 3. Give h(a).
9
Let w(v) be the third derivative of -v**6/24 + v**5/30 - v**4/12 + v**3/6 + 166*v**2. Calculate w(2).
-35
Let x(a) = 2*a**3 - 5*a - 7. Let j(c) = 4*c**3 - 6*c - 8. Let z(w) = -6*j(w) + 7*x(w). Calculate z(1).
-10
Let t(s) = -2*s**2 - s + 2. Let r(j) = 7*j**2 + j - 12. Let a(f) = r(f) + 3*t(f). Determine a(-5).
29
Let a(o) = -8*o - 9. Let h(i) = 0*i + 2*i - 4*i + 3 + 5*i. Let z(w) = 4*a(w) + 11*h(w). Let d be (3 + 10/(-3))*-12. Calculate z(d).
1
Let h = -139 + 147. Let v(b) = b**3 - 8*b**2 - 3. Determine v(h).
-3
Let f(b) be the second derivative of b**8/6720 - b**7/360 + b**6/90 - 3*b